hen 405 is divided by 96?
21
What is the remainder when 345 is divided by 100?
45
Calculate the remainder when 64 is divided by 63.
1
Calculate the remainder when 178 is divided by 36.
34
Calculate the remainder when 107 is divided by 18.
17
Calculate the remainder when 5493 is divided by 22.
15
Calculate the remainder when 1966 is divided by 974.
18
What is the remainder when 215 is divided by 55?
50
Calculate the remainder when 90 is divided by 7.
6
What is the remainder when 200 is divided by 34?
30
Calculate the remainder when 267 is divided by 18.
15
What is the remainder when 484 is divided by 54?
52
Calculate the remainder when 730 is divided by 111.
64
Calculate the remainder when 548 is divided by 22.
20
What is the remainder when 92 is divided by 18?
2
What is the remainder when 180 is divided by 68?
44
What is the remainder when 48781 is divided by 161?
159
What is the remainder when 1386 is divided by 455?
21
What is the remainder when 2328 is divided by 86?
6
What is the remainder when 321 is divided by 9?
6
What is the remainder when 165 is divided by 13?
9
Calculate the remainder when 357 is divided by 11.
5
What is the remainder when 2298 is divided by 456?
18
Calculate the remainder when 3171 is divided by 158.
11
Calculate the remainder when 554 is divided by 6.
2
What is the remainder when 887 is divided by 178?
175
Calculate the remainder when 157 is divided by 139.
18
What is the remainder when 1120 is divided by 1107?
13
Calculate the remainder when 5845 is divided by 972.
13
Calculate the remainder when 533 is divided by 67.
64
What is the remainder when 1285 is divided by 214?
1
Calculate the remainder when 1198 is divided by 244.
222
What is the remainder when 19 is divided by 11?
8
What is the remainder when 149 is divided by 45?
14
What is the remainder when 188 is divided by 84?
20
Calculate the remainder when 39 is divided by 18.
3
What is the remainder when 160 is divided by 23?
22
Calculate the remainder when 1806 is divided by 226.
224
What is the remainder when 134 is divided by 3?
2
Calculate the remainder when 2762 is divided by 59.
48
Calculate the remainder when 56 is divided by 24.
8
Calculate the remainder when 383 is divided by 93.
11
What is the remainder when 556 is divided by 180?
16
What is the remainder when 2156 is divided by 17?
14
Calculate the remainder when 53 is divided by 18.
17
Calculate the remainder when 129 is divided by 11.
8
What is the remainder when 28211 is divided by 317?
315
Calculate the remainder when 220 is divided by 45.
40
What is the remainder when 224 is divided by 46?
40
What is the remainder when 166 is divided by 21?
19
Calculate the remainder when 484 is divided by 65.
29
Calculate the remainder when 517 is divided by 152.
61
What is the remainder when 213 is divided by 72?
69
What is the remainder when 934 is divided by 59?
49
Calculate the remainder when 532 is divided by 54.
46
Calculate the remainder when 140 is divided by 9.
5
Calculate the remainder when 359 is divided by 20.
19
What is the remainder when 1102 is divided by 274?
6
Calculate the remainder when 57 is divided by 18.
3
Calculate the remainder when 1505 is divided by 138.
125
Calculate the remainder when 978 is divided by 28.
26
What is the remainder when 128 is divided by 37?
17
Calculate the remainder when 1003 is divided by 16.
11
Calculate the remainder when 607 is divided by 159.
130
Calculate the remainder when 3024 is divided by 11.
10
What is the remainder when 594 is divided by 72?
18
Calculate the remainder when 281 is divided by 19.
15
Calculate the remainder when 237 is divided by 110.
17
What is the remainder when 1895 is divided by 25?
20
What is the remainder when 135 is divided by 46?
43
Calculate the remainder when 625 is divided by 135.
85
Calculate the remainder when 284 is divided by 15.
14
Calculate the remainder when 3421 is divided by 122.
5
Calculate the remainder when 257 is divided by 52.
49
Calculate the remainder when 2015 is divided by 12.
11
Calculate the remainder when 26942 is divided by 27.
23
What is the remainder when 396 is divided by 31?
24
What is the remainder when 3986 is divided by 9?
8
What is the remainder when 12293 is divided by 6?
5
What is the remainder when 50 is divided by 20?
10
What is the remainder when 602 is divided by 159?
125
Calculate the remainder when 143 is divided by 94.
49
What is the remainder when 1042 is divided by 95?
92
Calculate the remainder when 9690 is divided by 26.
18
Calculate the remainder when 104 is divided by 22.
16
Calculate the remainder when 1237 is divided by 100.
37
Calculate the remainder when 360 is divided by 41.
32
Calculate the remainder when 9680 is divided by 23.
20
What is the remainder when 1483 is divided by 106?
105
Calculate the remainder when 512 is divided by 5.
2
Calculate the remainder when 3213 is divided by 24.
21
What is the remainder when 90 is divided by 78?
12
Calculate the remainder when 12024 is divided by 211.
208
Calculate the remainder when 1817 is divided by 91.
88
Calculate the remainder when 40 is divided by 18.
4
What is the remainder when 2365 is divided by 158?
153
Calculate the remainder when 24 is divided by 14.
10
What is the remainder when 4134 is divided by 7?
4
What is the remainder when 4152 is divided by 41?
11
What is the remainder when 2230 is divided by 319?
316
What is the remainder when 830 is divided by 35?
25
What is the remainder when 96 is divided by 7?
5
Calculate the remainder when 1471 is divided by 59.
55
Calculate the remainder when 209 is divided by 22.
11
What is the remainder when 6854 is divided by 98?
92
Calculate the remainder when 928 is divided by 923.
5
Calculate the remainder when 190 is divided by 67.
56
What is the remainder when 514 is divided by 253?
8
What is the remainder when 560 is divided by 82?
68
Calculate the remainder when 248 is divided by 25.
23
What is the remainder when 16930 is divided by 51?
49
What is the remainder when 465 is divided by 67?
63
Calculate the remainder when 166 is divided by 84.
82
Calculate the remainder when 510 is divided by 86.
80
What is the remainder when 1647 is divided by 30?
27
What is the remainder when 15374 is divided by 62?
60
Calculate the remainder when 28 is divided by 17.
11
Calculate the remainder when 69 is divided by 8.
5
Calculate the remainder when 139 is divided by 24.
19
Calculate the remainder when 470 is divided by 68.
62
Calculate the remainder when 1006 is divided by 42.
40
What is the remainder when 536 is divided by 32?
24
Calculate the remainder when 17345 is divided by 195.
185
Calculate the remainder when 208 is divided by 19.
18
What is the remainder when 123 is divided by 93?
30
Calculate the remainder when 841 is divided by 147.
106
Calculate the remainder when 162 is divided by 82.
80
What is the remainder when 123 is divided by 61?
1
Calculate the remainder when 4633 is divided by 9.
7
What is the remainder when 1274 is divided by 51?
50
Calculate the remainder when 131 is divided by 22.
21
Calculate the remainder when 287 is divided by 42.
35
What is the remainder when 1339 is divided by 61?
58
What is the remainder when 700 is divided by 64?
60
What is the remainder when 554 is divided by 33?
26
Calculate the remainder when 35 is divided by 17.
1
Calculate the remainder when 114 is divided by 24.
18
What is the remainder when 1880 is divided by 11?
10
Calculate the remainder when 1213 is divided by 76.
73
Calculate the remainder when 5478 is divided by 1825.
3
Calculate the remainder when 203 is divided by 59.
26
What is the remainder when 252 is divided by 126?
0
What is the remainder when 5 is divided by 2?
1
What is the remainder when 34 is divided by 7?
6
Calculate the remainder when 165 is divided by 33.
0
Calculate the remainder when 319 is divided by 94.
37
Calculate the remainder when 1990 is divided by 24.
22
Calculate the remainder when 261 is divided by 121.
19
What is the remainder when 1165 is divided by 170?
145
What is the remainder when 232 is divided by 108?
16
Calculate the remainder when 82 is divided by 18.
10
What is the remainder when 192 is divided by 63?
3
Calculate the remainder when 2709 is divided by 1348.
13
Calculate the remainder when 1238 is divide